hat is k(-2)?
-7
Let t(f) = 4583*f**2 - 114576*f + 26. Give t(25).
1
Let t(d) = -d**3 + d**2 + 23. Give t(0).
23
Let l(i) = i**3 + 9*i**2 + 5*i + 12. Give l(-6).
90
Let z(y) = 90*y - 164. What is z(2)?
16
Let h(n) = -59*n - 311. Determine h(-10).
279
Let j(o) = -o**3 + 20*o**2 + 31*o - 159. Calculate j(21).
51
Let z(t) = 1456*t + 7277. Calculate z(-5).
-3
Let o(g) = -3*g**3 - 180*g**2 - 179*g - 135. Determine o(-59).
-17
Let n(u) = u**2 + 6268*u + 50085. What is n(-8)?
5
Let a(v) = 778*v + 4625. What is a(-6)?
-43
Let i(o) = 8*o**2 - 6*o - 738. Determine i(10).
2
Let o(g) = -g**2 - g - 31. Give o(-9).
-103
Let l(q) = -q**3 - 8*q**2 - 13*q - 4. Give l(-4).
-16
Let j(r) = -3011*r - 57197. Give j(-19).
12
Let y(l) = 2*l**3 + 2*l**2 - 10*l + 1. Give y(3).
43
Let z(p) = 2*p**3 + 21*p**2 - 421*p + 109. Calculate z(10).
-1
Let d(z) = -2*z**3 - 14*z**2 + 43*z + 314. Give d(-5).
-1
Let s(m) = -24*m - 25. Determine s(-1).
-1
Let q(o) = 2*o**2 + 39*o - 128. Give q(-24).
88
Let r(w) = -12*w**2 + 136*w + 97. Give r(12).
1
Let p(a) = -2*a**3 + 18*a**2 + 23*a - 40. Determine p(10).
-10
Let c(b) = 6*b**2 - 64*b + 87. Calculate c(9).
-3
Let h(g) = -14298*g + 85793. Calculate h(6).
5
Let y(c) = 114*c + 7186. Give y(-63).
4
Let j(c) = 474*c - 45028. Calculate j(95).
2
Let k(p) = -p**2 + 681*p + 4800. Determine k(-7).
-16
Let n(v) = -135*v + 1087. What is n(8)?
7
Let y(h) = -171*h - 117. What is y(-2)?
225
Let v(t) = -296*t + 542. Determine v(2).
-50
Let a(i) = -152*i - 590. What is a(-4)?
18
Let d(a) = 284*a + 22434. Determine d(-79).
-2
Let i(f) = -f**3 - 14*f**2 - 4*f + 82. What is i(-10)?
-278
Let s(t) = 955*t - 5563. Give s(6).
167
Let f(r) = -r**3 - 15*r**2 - 24*r - 8. Give f(-13).
-34
Let k(t) = t**3 - 36*t**2 + 175*t - 4876. Determine k(35).
24
Let g(m) = -3*m**3 - 33*m**2 + 38*m + 25. Give g(-12).
1
Let s(h) = -4*h**2 + 193*h + 1337. What is s(-6)?
35
Let x(l) = -8*l**2 + 121*l - 172. What is x(3)?
119
Let t(y) = -44*y**3 + y**2 + 63*y + 115. Give t(-2).
345
Let r(s) = -s**2 - 4*s + 5. Determine r(1).
0
Let g(k) = -31*k**3 + 4*k**2 + 6*k + 5. Give g(-2).
257
Let l(x) = -73*x - 8620. Determine l(-118).
-6
Let u(n) = 108*n - 969. What is u(9)?
3
Let y(b) = 12*b**2 + 67*b - 41. Calculate y(-6).
-11
Let i(s) = 9*s**3 + 2*s**2 - 2. What is i(1)?
9
Let x(t) = -3*t**3 - 106*t**2 + 80*t + 284. Calculate x(-36).
-4
Let g(c) = c**3 - 11*c**2 + 33*c - 62. Give g(8).
10
Let j(i) = 188*i - 9543. What is j(51)?
45
Let a(l) = 55*l**3 - 8*l**2 + 29*l - 22. What is a(1)?
54
Let g(d) = d**3 + 7*d**2 + 26*d + 171. What is g(-7)?
-11
Let v(q) = -39*q**2 - 9*q + 5. What is v(3)?
-373
Let g(l) = -l**2 + 75*l + 57. Determine g(80).
-343
Let x(c) = -2175*c - 28250. What is x(-13)?
25
Let j(y) = 140*y + 676. Calculate j(-10).
-724
Let g(x) = 262*x + 5509. Determine g(-21).
7
Let n(l) = -l + 148. What is n(-22)?
170
Let x(n) = -107*n - 19257. What is x(-180)?
3
Let v(t) = -2*t**2 + 184*t - 6. Calculate v(0).
-6
Let o(s) = -s**3 - 68*s**2 + 220*s - 3. Calculate o(3).
18
Let u(z) = -23*z + 341. What is u(16)?
-27
Let g(w) = 3*w**3 + 366*w**2 + w + 146. Determine g(-122).
24
Let x(g) = -g**2 + 24*g - 90. What is x(16)?
38
Let f(j) = -98*j + 2344. Calculate f(24).
-8
Let n(k) = -k**3 + 70*k**2 - 174*k - 1810. Determine n(67).
-1
Let f(a) = -137*a + 472. Determine f(3).
61
Let p(d) = -1949*d + 4018. Determine p(2).
120
Let h(q) = 8*q**3 + 284*q**2 + 147*q + 238. Determine h(-35).
-7
Let p(s) = 92*s**2 + 4511*s + 143. What is p(-49)?
-4
Let c(u) = -776*u - 3627. Calculate c(-6).
1029
Let s(m) = -4*m**2 + 18*m - 4. Determine s(10).
-224
Let u(h) = 3*h**2 - 87*h - 85. Give u(29).
-85
Let v(x) = 42*x**3 - 337*x**2 + 10*x - 9. Give v(8).
7
Let p(r) = -r**3 - 81*r**2 - 83*r - 206. What is p(-80)?
34
Let q(y) = 35*y + 1926. Give q(-52).
106
Let t(k) = -k**3 - 4*k**2 + 29*k + 4. Give t(-6).
-98
Let r(h) = -26*h - 1751. Give r(-68).
17
Let w(v) = v**2 - 865*v - 7884. Calculate w(-9).
-18
Let a(h) = -h**3 - 56*h**2 + 115*h - 32. What is a(-58)?
26
Let n(y) = y**2 + 53*y + 715. What is n(-10)?
285
Let g(f) = 12*f**2 + f - 5. Determine g(1).
8
Let k(h) = -h**2 + 10*h - 5. Determine k(7).
16
Let v(a) = a**2 + 40*a + 177. What is v(-27)?
-174
Let k(l) = 4*l**2 + 2*l + 20. Determine k(-2).
32
Let p(h) = 2*h**3 - 216*h**2 - 222*h + 380. What is p(109)?
-56
Let x(y) = -3*y**2 + 97*y + 653. What is x(38)?
7
Let p(i) = -i**2 + 56*i - 59. Calculate p(56).
-59
Let k(z) = -139*z**2 - 96*z - 186. Calculate k(-2).
-550
Let n(y) = 10*y**2 + 3*y - 14. Determine n(3).
85
Let p(r) = -255*r - 3022. Give p(-12).
38
Let c(z) = 57*z**2 - 11*z - 11. What is c(-1)?
57
Let j(d) = 88*d - 152. Give j(4).
200
Let n(q) = -q**3 + 18*q**2 - 32*q - 5. What is n(14)?
331
Let n(x) = 4*x**2 + 3*x + 29. Give n(5).
144
Let k(g) = 739*g + 359. What is k(1)?
1098
Let i(j) = j**3 + 2*j**2 - 24*j + 6. Give i(-5).
51
Let z(b) = 3*b - 309. Calculate z(28).
-225
Let v(w) = 9*w**2 + 15*w + 5. Calculate v(-1).
-1
Let a(i) = 7*i**3 + 3*i**2 + 9*i - 7. Give a(-4).
-443
Let v(x) = 3590*x - 75383. Calculate v(21).
7
Let b(x) = -x**2 + 176*x + 29111. What is b(280)?
-9
Let w(c) = 176*c + 1797. What is w(-10)?
37
Let l(q) = -q**2 - 2*q + 223. Calculate l(0).
223
Let l(d) = -166*d - 1966. What is l(-12)?
26
Let j(u) = 83*u + 7038. Calculate j(-85).
-17
Let b(z) = -z**3 + 14*z**2 - 39*z - 19. Calculate b(10).
-9
Let q(y) = -151*y + 2575. Calculate q(17).
8
Let o(f) = -22*f + 740. Calculate o(27).
146
Let k(f) = -2*f**2 + 41*f - 246. Calculate k(8).
-46
Let l(m) = -9*m**2 + 30*m - 1. Determine l(4).
-25
Let j(s) = 17*s**3 - 2*s**2 - 6*s + 21. Give j(-3).
-438
Let v(g) = 11*g**3 - 17*g**2 - 28*g + 11. What is v(-2)?
-89
Let k(a) = a**2 - 41*a + 367. Give k(15).
-23
Let x(u) = -u**2 - 285*u - 1131. Give x(-4).
-7
Let m(a) = 141*a + 6771. Determine m(-48).
3
Let c(y) = -1857*y - 74281. Determine c(-40).
-1
Let l(a) = -2256*a - 272971. Give l(-121).
5
Let f(x) = -30*x**2 + 116*x - 5. Determine f(6).
-389
Let t(v) = 19*v**2 - 2*v - 4. What is t(-2)?
76
Let j(s) = 547*s + 1643. Calculate j(-3).
2
Let h(g) = 33*g**3 + 2*g**2 - 4*g - 4. Calculate h(-2).
-252
Let b(m) = -131*m + 1556. Determine b(12).
-16
Let b(d) = 20*d + 294. What is b(-20)?
-106
Let l(v) = v**2 - 10*v - 185. What is l(-5)?
-110
Let s(z) = -3*z**3 + 511*z**2 + 2616*z + 1. Give s(-5).
71
Let y(q) = 4*q**2 - 21*q - 10. Give y(6).
8
Let k(t) = -t**3 - 41*t**2 + 12*t + 503. Determine k(-41).
11
Let l(s) = 5*s**2 + 12*s - 72. Give l(0).
-72
Let i(b) = -170*b + 2401. Determine i(14).
21
Let d(a) = 120*a - 885. Determine d(7).
-45
Let f(u) = -3*u**3 + 6*u**2 + 134*u - 438. Give f(3).
-63
Let r(y) = -15*y**3 - y**2 + y + 4. Give r(2).
-118
Let j(a) = 8*a + 184. Give j(-17).
48
Let v(f) = 2*f**2 + 144*f - 277. Give v(-73).
-131
Let k(n) = n**3 + 11*n**2 + 28*n + 88. What is k(-9)?
-2
Let h(z) = -8*z**2 + 167*z + 9. Calculate h(21).
-12
Let k(p) = -2*p**2 - 3*p + 10. Determine k(3).
-17
Let f(j) = -3*j**2 - 219*j + 524. Give f(-75).
74
Let h(z) = z**3 + 7*z**2 - z - 20. What is h(-6)?
22
Let g(a) = -a**2 + 453*a - 41799. Calculate g(324).
-3
Let f(k) = -19*k**2 + 12*k + 9. Determine f(-3).
-198
Let g(w) = -w**3 + 11*w**2 + 6*w - 90. Determine g(9).
126
Let l(o) = 17*o + 808. What is l(-30)?
298
Let p(b) = -b**3 + 54*b**2 + 423*b + 39. Determine p(61).
-205
Let w(j) = -j**2 - 5*j + 1420. Give w(-37).
236
Let x(h) = -23*h - 37. Calculate x(3).
-106
Let h(z) = 144*z + 3747. Determine h(-26).
3
Let c(m) = -3*m**3 - 253*m**2 - 82*m + 174. Determine c(-84).
6
Let b(j) = 9*j + 72. Give b(-10).
-18
Let r(c) = c**3 - 42*c**2 - 43*c + 59. What is r(43)?
59
Let t(g) = -22*g + 143. What is t(8)?
-33
Let h(q) = 3081*q + 15409. What is h(-5)?
4
Let z(b) = b**3 + 6*b**2 + 23*b + 121. Give z(-5).
31
Let h(w) = -3*w**3 - 9*w**2 + 3*w + 3. What is h(2)?
-51
Let x(p) = 99*p + 8. Calculate x(3).
305
Let x(m) = -m**3 - 15*m**2 - 52*m - 270. Determine x(-12).
-78
Let t(x) = 69*x + 8141. Give t(-118).
-1
Let v(t) = 38*t**3 - 3*t**2 + 7*t - 5. Calculate v(2).
301
Let w(n) = 2*n**3 - 206*n**2 + 8*n - 716. Determine w(103).
108
Let t(f) = 2*f**3 - 29*f**2 + 42*f + 14. Calculate t(13).
53
Let s(b) = -16*b**2 + 59*b + 8. Give s(4).
-12
Let o(v) = v**2 + 205*v + 10392. Calculate o(-92).
-4
Let o(n) = 3931*n + 35369. What 